ulate the remainder when 46829 is divided by 289.
11
What is the remainder when 9213 is divided by 4182?
849
What is the remainder when 52126 is divided by 96?
94
Calculate the remainder when 5600 is divided by 12.
8
What is the remainder when 31502 is divided by 1575?
2
What is the remainder when 34261 is divided by 147?
10
What is the remainder when 13861 is divided by 664?
581
What is the remainder when 9135 is divided by 383?
326
Calculate the remainder when 9659 is divided by 62.
49
Calculate the remainder when 52147 is divided by 159.
154
Calculate the remainder when 70798 is divided by 4.
2
What is the remainder when 471 is divided by 39?
3
What is the remainder when 2680 is divided by 52?
28
What is the remainder when 181274 is divided by 30212?
2
What is the remainder when 376474 is divided by 531?
526
Calculate the remainder when 1648 is divided by 856.
792
Calculate the remainder when 2576 is divided by 402.
164
Calculate the remainder when 4270 is divided by 422.
50
What is the remainder when 7081 is divided by 5?
1
What is the remainder when 197609 is divided by 35?
34
Calculate the remainder when 7565 is divided by 3776.
13
Calculate the remainder when 314918 is divided by 41.
38
What is the remainder when 56168 is divided by 151?
147
Calculate the remainder when 186034 is divided by 143.
134
Calculate the remainder when 199770 is divided by 1323.
1320
Calculate the remainder when 4095 is divided by 253.
47
Calculate the remainder when 1742 is divided by 193.
5
Calculate the remainder when 53933 is divided by 26874.
185
Calculate the remainder when 1154042 is divided by 128.
122
What is the remainder when 90063 is divided by 135?
18
What is the remainder when 370584 is divided by 56?
32
What is the remainder when 48669 is divided by 403?
309
Calculate the remainder when 2970 is divided by 53.
2
What is the remainder when 3042 is divided by 3?
0
Calculate the remainder when 6921 is divided by 1153.
3
Calculate the remainder when 123795 is divided by 7.
0
Calculate the remainder when 35670 is divided by 381.
237
What is the remainder when 41002 is divided by 59?
56
Calculate the remainder when 3117 is divided by 378.
93
Calculate the remainder when 21296 is divided by 627.
605
Calculate the remainder when 7435 is divided by 63.
1
What is the remainder when 409802 is divided by 204900?
2
What is the remainder when 74709 is divided by 495?
459
What is the remainder when 60486 is divided by 217?
160
Calculate the remainder when 4602 is divided by 1441.
279
What is the remainder when 178470 is divided by 29740?
30
What is the remainder when 101913 is divided by 472?
433
Calculate the remainder when 48329 is divided by 48271.
58
What is the remainder when 6464 is divided by 109?
33
What is the remainder when 4912 is divided by 1880?
1152
Calculate the remainder when 53854 is divided by 36.
34
What is the remainder when 14200 is divided by 3548?
8
What is the remainder when 489970 is divided by 19?
17
What is the remainder when 52596 is divided by 133?
61
Calculate the remainder when 100425 is divided by 1860.
1845
What is the remainder when 542831 is divided by 22617?
23
Calculate the remainder when 76615 is divided by 3060.
115
What is the remainder when 295939 is divided by 73?
70
What is the remainder when 170050 is divided by 127?
124
Calculate the remainder when 2920 is divided by 723.
28
What is the remainder when 1444 is divided by 677?
90
Calculate the remainder when 9818 is divided by 445.
28
What is the remainder when 186896 is divided by 6921?
29
Calculate the remainder when 21244 is divided by 9.
4
What is the remainder when 11550 is divided by 119?
7
What is the remainder when 249099 is divided by 5?
4
What is the remainder when 453687 is divided by 151217?
36
What is the remainder when 310294 is divided by 142?
24
What is the remainder when 266346 is divided by 64?
42
Calculate the remainder when 68174 is divided by 11.
7
Calculate the remainder when 317608 is divided by 9.
7
What is the remainder when 3790 is divided by 1340?
1110
Calculate the remainder when 554186 is divided by 303.
302
What is the remainder when 6423 is divided by 291?
21
What is the remainder when 5501 is divided by 190?
181
What is the remainder when 14366 is divided by 2391?
20
What is the remainder when 298695 is divided by 6?
3
Calculate the remainder when 5863 is divided by 1954.
1
Calculate the remainder when 50910 is divided by 54.
42
What is the remainder when 50560 is divided by 217?
216
What is the remainder when 32964 is divided by 317?
313
Calculate the remainder when 2635 is divided by 905.
825
What is the remainder when 318 is divided by 158?
2
What is the remainder when 87294 is divided by 64?
62
Calculate the remainder when 12073 is divided by 38.
27
What is the remainder when 1072 is divided by 608?
464
Calculate the remainder when 1178 is divided by 62.
0
Calculate the remainder when 121708 is divided by 342.
298
What is the remainder when 16107 is divided by 130?
117
Calculate the remainder when 508 is divided by 125.
8
What is the remainder when 1393014 is divided by 1096?
1094
Calculate the remainder when 6353 is divided by 670.
323
What is the remainder when 381 is divided by 5?
1
What is the remainder when 2589 is divided by 11?
4
What is the remainder when 95889 is divided by 131?
128
What is the remainder when 6955079 is divided by 1815?
1814
What is the remainder when 288918 is divided by 1751?
3
What is the remainder when 184808 is divided by 137?
132
Calculate the remainder when 13658 is divided by 807.
746
Calculate the remainder when 9793 is divided by 3166.
295
What is the remainder when 22910 is divided by 10?
0
What is the remainder when 38894 is divided by 88?
86
What is the remainder when 2439 is divided by 403?
21
Calculate the remainder when 103891 is divided by 73.
12
What is the remainder when 1414127 is divided by 74?
61
What is the remainder when 1826 is divided by 262?
254
What is the remainder when 25433 is divided by 641?
434
Calculate the remainder when 197621 is divided by 24699.
29
What is the remainder when 28440 is divided by 9479?
3
Calculate the remainder when 96509 is divided by 2010.
29
Calculate the remainder when 633409 is divided by 485.
484
What is the remainder when 34169 is divided by 412?
385
Calculate the remainder when 2204 is divided by 85.
79
What is the remainder when 25649 is divided by 2331?
8
What is the remainder when 26816 is divided by 11?
9
What is the remainder when 3257 is divided by 3229?
28
What is the remainder when 1371698 is divided by 110?
108
Calculate the remainder when 17651 is divided by 9.
2
What is the remainder when 47514 is divided by 108?
102
What is the remainder when 35856 is divided by 35825?
31
What is the remainder when 6820 is divided by 2173?
301
What is the remainder when 291608 is divided by 1296?
8
Calculate the remainder when 1304555 is divided by 12.
11
What is the remainder when 71450 is divided by 154?
148
Calculate the remainder when 181 is divided by 3.
1
What is the remainder when 155459 is divided by 70?
59
Calculate the remainder when 742 is divided by 113.
64
What is the remainder when 9244 is divided by 134?
132
Calculate the remainder when 4671182 is divided by 26.
22
What is the remainder when 4242351 is divided by 1784?
1783
What is the remainder when 7214 is divided by 164?
162
Calculate the remainder when 530434 is divided by 2064.
2050
What is the remainder when 3190 is divided by 177?
4
Calculate the remainder when 368414 is divided by 11164.
2
Calculate the remainder when 185550 is divided by 159.
156
Calculate the remainder when 18292 is divided by 53.
7
Calculate the remainder when 5974 is divided by 977.
112
Calculate the remainder when 830109 is divided by 415053.
3
Calculate the remainder when 75132 is divided by 578.
570
Calculate the remainder when 55922 is divided by 1331.
20
What is the remainder when 204742 is divided by 819?
811
Calculate the remainder when 18403 is divided by 60.
43
What is the remainder when 64167 is divided by 32?
7
Calculate the remainder when 1257722 is divided by 128.
122
Calculate the remainder when 5042334 is divided by 221.
219
What is the remainder when 10610 is divided by 10584?
26
Calculate 